 = n**2 - 8*n - 4. What is the units digit of u(-5)?
1
Let h(o) = o**2 - 13*o - 1. What is the tens digit of h(14)?
1
Let g = -709 + 1105. What is the hundreds digit of g?
3
What is the units digit of 71 + (1 - 1) + (-20)/(-20)?
2
Suppose c - 4*l - 10 = 0, 0*l + 4 = 4*c + 2*l. Suppose a - c*a = -7. What is the units digit of a?
7
Let s be ((-12)/(-8))/((-2)/(-4)). Suppose -16 = 7*c - s*c, c = 5*y - 14. Let f = 7 - y. What is the units digit of f?
5
Let h(z) = -z**2 - 12*z - 12. What is the units digit of h(-9)?
5
Let h(x) = 5*x**3 - 9*x**2 - 3*x + 5. What is the hundreds digit of h(4)?
1
Let l(d) = -d**3 + d**2 - d + 4. Let x be l(0). Let j be 2/x - 12/8. Let m = 4 - j. What is the units digit of m?
5
Let y(c) be the third derivative of -c**4/6 - 4*c**3/3 + c**2. What is the units digit of y(-9)?
8
Suppose -5*d = -322 + 7. What is the units digit of d?
3
Suppose -648 = -r - 8*r. What is the tens digit of r?
7
What is the tens digit of 39 - 9/(9/3)?
3
Let w be -1*9/(2 - 5). What is the units digit of w/4*(7 + 9)?
2
Suppose 0 = 3*v - 4*f - 24, f + 2*f - 7 = -4*v. Suppose -y = 4, c + y + v = -3*c. Suppose -7 = -c*p - p. What is the units digit of p?
7
Suppose -4*u - 5 = -g, -8 = -2*g + u + 2. Suppose 0*q = q + 3*r - 31, 0 = -5*r + g. What is the tens digit of q?
2
Let k be (-4)/(4/(38*4)). What is the tens digit of (-12)/18 + k/(-3)?
5
Suppose -5*l - 7 = 3. Let t = 14 - l. What is the units digit of t?
6
Let p(v) = v**3 + 7*v**2 - 2*v - 9. Let r be p(-7). Let h(g) = g**2 - 4*g + 6. What is the units digit of h(r)?
1
Suppose -2*h = 3*h - 45. What is the units digit of 0 + 7 + h/3?
0
What is the units digit of (-247)/(-3) - 8/(-12)?
3
Let o(f) = -f**3 - 7*f**2 + 8*f - 8. Let x be o(-8). Let m = x + 30. What is the tens digit of m?
2
Suppose -60 = -g + 20. What is the tens digit of g?
8
Let v be -1 + (9 - 6/3). Suppose r + 4*t = -3, -r + 2*r = 5*t + v. What is the units digit of r?
1
Suppose -5*r + 10 = 3*q - 8*q, r - 6 = -3*q. Let t be (1*-4)/(q + -3). Suppose 3 = t*u - 13. What is the units digit of u?
8
Suppose r + 3*r = 160. What is the tens digit of r?
4
Let b be 0/2*(2 - 1). Suppose b = -l - 2*l + 9. What is the units digit of l?
3
What is the hundreds digit of ((-238)/6 - 2)/(11/(-33))?
1
Suppose -6 = -3*a - 0*a. Suppose -a*q = q - 75. Let n = -18 + q. What is the units digit of n?
7
Let f = -8 + 16. Let z = f - 5. What is the units digit of z?
3
Let x be 28/5 - 2/(-5). What is the tens digit of (51/x)/((-3)/(-6))?
1
What is the tens digit of 1/((-3)/(-105)) + 1?
3
Let y be 3 + -1 - (-4 - -1). Let a(k) be the third derivative of k**4/24 - k**3/3 + k**2. What is the units digit of a(y)?
3
Let u be (3 - 1) + -1 + (0 - -1). Let o = 6 - 3. Suppose v = -3*l + o, 0*v + 4*l + 46 = u*v. What is the units digit of v?
5
Suppose 7 = 3*b - 5. Suppose -31 - 5 = -b*i. What is the units digit of i?
9
Let z(v) = v**3 - 15*v**2 - 3*v + 20. Let g be z(15). What is the units digit of 85*2/g*-5?
4
Let b = 4 + -4. Suppose b = -c + 19 - 1. Let y = -7 + c. What is the units digit of y?
1
Let k(l) = 6*l. Let s be k(1). Suppose -s = -d - 3. What is the units digit of d?
3
Suppose -3*g - 5*h - 1 = -170, -5*g = h - 289. Suppose 7*u - 5*u = 3*j + 17, 0 = -4*u - 2*j + g. What is the units digit of u?
3
Suppose -3*v + 16 = -4*s, -5*v = -4*s - 8 - 16. Suppose -v*b + 3*k + 20 = 0, -11 + 1 = -2*b - 5*k. What is the units digit of b?
5
Suppose 3*k - k - 4*p - 236 = 0, -5*p = 20. What is the units digit of k?
0
Suppose 1 + 13 = -2*i. Let s = 19 + i. What is the units digit of s?
2
Let z(h) = h**3 + 7*h**2 + 5*h - 5. What is the units digit of z(-6)?
1
Let h(r) = -3*r + 8*r - 4 - 2*r**2 + r**2. Let y be h(4). Suppose 0 = -2*a - y*a + 12. What is the units digit of a?
6
Suppose 0 = 3*k - 15, -2*k - 196 = -3*m + 2*k. What is the tens digit of m?
7
Let y = -3 - -5. Suppose -y*a = -6*a - 20. What is the units digit of 1 - (0 + 1)*a?
6
Let m(b) = -2*b**3 - 4*b**2 - b. Suppose 0 = -2*v + v - 3. Let s be m(v). Suppose 2*z - 3 - s = 0. What is the tens digit of z?
1
Suppose 174 + 84 = 3*w. What is the tens digit of w?
8
Let w be ((-9 + -2)/(-1))/1. Let i = w + -9. Suppose z - 17 = -d, 4*d + i*z = -d + 82. What is the units digit of d?
6
Let h(t) = -t + 2. Let u(z) = -1. Let v(i) = -2*h(i) - 3*u(i). What is the units digit of v(14)?
7
Let h = 42 - 21. What is the units digit of h?
1
Let n(z) = 4*z**2 - 10*z + 6. Let o(s) = s**2 - s + 1. Let a(m) = -n(m) + 3*o(m). Let c be 6/1*10/15. What is the units digit of a(c)?
9
Let s(u) be the second derivative of 7*u**3/3 + 4*u**2 - 2*u. Let a be s(-6). What is the tens digit of a/(-6) + 4/12?
1
Let b = -6 + 11. What is the units digit of b?
5
Let p = -43 - -70. What is the tens digit of p?
2
Let z be 1/7 - (-68)/14. Suppose -z*c + 35 = -0. What is the units digit of c?
7
Let a(c) = -c**3 + 6*c**2 - 5*c - 3. Let y be a(4). Let o = -7 + y. Suppose -o*u = 2*u - 52. What is the units digit of u?
3
Suppose 0 = 5*o - 11 - 9. Suppose 3*k + 4 = o*k. Let n = k - -4. What is the units digit of n?
8
Suppose 2*k - b = -51 + 156, 0 = 5*k + 5*b - 285. What is the units digit of k?
4
Suppose 3 - 7 = -2*t. Let f be (-2)/((1 - 5) + t). Let v = 4 - f. What is the units digit of v?
3
Let v be 15/6*6/(-5). Let w = v - -13. What is the units digit of w?
0
Let t(i) = 11*i - 2. What is the tens digit of t(8)?
8
Let x be (5/2)/(1/2). Suppose -3*w + 16 = 3*h - 5, 0 = 4*w - x*h - 46. What is the units digit of w?
9
Suppose 4*f = -j + 15, f - 5*j + 9 = -f. Suppose -f*s = -8*s - 25, 3*o - 4*s = 101. What is the tens digit of o?
2
Let m(c) = 2*c - 1. Let l be m(2). Let q = 0 - -3. Let g = q + l. What is the units digit of g?
6
Suppose w = 3*w + 2. Let y be 3 - (w + 2)/1. Suppose y*s - 6*s - 48 = -3*q, q = -s + 9. What is the units digit of q?
2
Let u be (6/4)/((-5)/(-10)). Suppose 0 = 3*p + 2*i - 5*i - 18, 4*i + u = -3*p. What is the units digit of (-2)/p - (-52)/6?
8
Let b(j) = 4*j**2 - 21*j + 7. What is the units digit of b(9)?
2
Let y(c) = c - 5. Let x be y(5). Suppose x = -4*s - s + 35. Suppose -3*w + s = -2*o - 3, 5*w = 5*o + 20. What is the units digit of w?
2
Let t be (-2)/(-4) + (-1)/2. Suppose -5*w - p + 37 = -62, t = -w - 3*p + 31. What is the units digit of w?
9
Suppose -7*t = -4*t - 33. Suppose 4*c + t = -3*r - 4, 3*c + 21 = r. Let w = 10 - c. What is the tens digit of w?
1
Suppose 4*b - 20 = 0, a = -b + 13 - 5. Let v = a - -1. Suppose v*m = 4*k + 44, 0 = -m + 2*m - 3*k - 19. What is the units digit of m?
7
Let j = 9 - 6. Let f = j - 2. What is the tens digit of (-11 + 1/f)/(-1)?
1
Let l = 426 - 271. What is the hundreds digit of l?
1
Suppose -4*d = -5*v - 6, 9*v - 4*v - 18 = -2*d. Suppose -v*x + 4 = 2. What is the units digit of x?
1
Suppose m = 3*s + s - 83, 2*s - 59 = -3*m. Let c = 50 + -28. What is the units digit of (-4)/c + 48/s?
2
Suppose 0 = -2*v + 4*v - 24. Let a = -11 + v. What is the units digit of a?
1
Suppose 0 = -3*b + 12, 2*o - 3*b = -35 + 137. What is the tens digit of o?
5
Suppose 0 = 3*c - 8 - 4. Suppose t = -4*d - 4, 0 = -4*d + 6*d + c*t + 16. What is the units digit of (1 + d)/(3/33)?
1
Let q(w) = 2*w + 1. Let k be q(1). Suppose 0 = k*l + l - 32. What is the units digit of l?
8
Let v = -1 - 3. Let s(l) = l**2 + 2*l - 2. What is the units digit of s(v)?
6
Suppose -v = 5*v + 216. Let m = -16 - v. What is the tens digit of m?
2
What is the tens digit of (0 + -49)/(9/(-9))?
4
Let o = 19 + -11. What is the units digit of o?
8
What is the tens digit of -2 + 5 - (-54 - (-7 + 4))?
5
Let r(u) = 8*u. What is the tens digit of r(8)?
6
Suppose 2*y + 0*y - 18 = 0. What is the units digit of y?
9
Let i(n) = -n**3 + 9*n**2 + 6*n + 7. What is the units digit of i(7)?
7
Let q = -2 + 5. Suppose 0 = s, -6*h - 3*s = -q*h - 45. Suppose h + 5 = 5*p. What is the units digit of p?
4
Suppose -2*h - 5*y + 52 = -0*h, 5*h + 4*y = 113. What is the tens digit of h?
2
Suppose 6*r - r = 4*g + 11, -2*r + 3*g + 3 = 0. Let p = -23 + 28. Let b = p + r. What is the units digit of b?
8
Let l(p) = 8*p - 4. Let j be l(3). Suppose -30 = -y + 6*y. Let z = j + y. What is the units digit of z?
4
Let g be 2/(4/(-410)*-5). What is the tens digit of -2 + (4 - 2) + g?
4
Suppose 4*m - 25 = b, 3*m - b = -3*b + 5. Suppose -m*j - 63 = -3*l, 0*j = -2*l + 3*j + 41. What is the tens digit of